 3*r + r = 4*z. Let l = 7 + z. What is the highest common factor of m and l?
3
Let x = 212 - 115. Suppose 3*w - x = -5*p, 4*p - 4*w = 3*p + 24. Suppose 24 - 12 = 3*q. What is the highest common factor of p and q?
4
Let b(i) = -56*i**3 - 2*i**2 + 1. Let l be b(-1). Suppose 33 = 2*y + y. Calculate the greatest common factor of l and y.
11
Suppose 0 = -0*k + k + 3*q - 527, k - 511 = q. Let u = k + -317. What is the highest common factor of u and 22?
22
Suppose 0 = 50*o + o - 2346. Calculate the greatest common divisor of 4 and o.
2
Let c = -16 + 21. Suppose 2*z - 4*z - 4*d - 20 = 0, -37 = c*z - 3*d. Let s(m) = -m**2 - 9*m + 8. Let p be s(z). What is the highest common factor of p and 160?
16
Suppose 4*v + 43*a = 42*a + 88, 0 = 2*a. What is the highest common factor of 583 and v?
11
Let u(d) = 0 + d - 5 - 5*d**2 - 3*d**3 + 4 + 6*d**2. Let p be u(-2). Calculate the greatest common divisor of p and 225.
25
Let l be (4/(-10))/((-1)/200). What is the highest common factor of 24 and l?
8
Let a(t) = -4*t**2 + 506. Let g be a(0). What is the highest common factor of 22 and g?
22
Let x = 37 + -26. Let g be 77/(-21) - -3 - (-35)/3. Calculate the greatest common divisor of g and x.
11
Suppose 4*q + 2*g + 18 - 216 = 0, 5*q - 251 = g. What is the greatest common factor of q and 40?
10
Suppose 0 = -4*g + 167 - 43. Let k be (-2)/(-6)*(-10 + 1) + 158. Calculate the highest common divisor of k and g.
31
Suppose 10*z - 392 = -0*z + 28. Let s(n) = 14*n**2. Let k be s(-1). Calculate the highest common divisor of k and z.
14
Suppose -4*c + 2*c + 2*f = -22, -c - f = -1. Calculate the greatest common divisor of 24 and c.
6
Let m(k) = 3*k**3 + 2*k**2 - 2*k - 4. Suppose -3*g + 4 = 4*z - 2*z, 0 = -3*g + 4*z + 10. Let j be m(g). What is the highest common factor of j and 216?
24
Suppose 4*l + o + 0*o = 165, 0 = -l - 3*o + 33. What is the highest common divisor of 42 and l?
42
Let t = -1 - -2. Let c = t - -49. Suppose -c - 126 = -4*w. Calculate the highest common factor of 11 and w.
11
Let n be (-57)/(-38)*(-640)/(-12). Calculate the highest common factor of 10 and n.
10
Let a = -3767 - -3788. Suppose -5*t - 7*k + 3*k = -10, 5*k = 3*t - 43. What is the greatest common factor of a and t?
3
Let p(n) = 25*n + 25. Let x be p(19). Suppose -34*z + x = -29*z. What is the greatest common factor of z and 20?
20
Let h(j) be the third derivative of -j**6/120 - j**5/6 + 4*j**3/3 + 4*j**2. Let x be h(-10). Calculate the highest common factor of 4 and x.
4
Suppose 0 = -3*v + 4*i + 29, -17*i + 16*i + 7 = 4*v. Calculate the highest common divisor of 11 and v.
1
Suppose -43 = -5*s + 62. Calculate the greatest common divisor of 105 and s.
21
Let x be 286/4 - (12 - (-342)/(-36)). Calculate the greatest common divisor of x and 24.
3
Let b be 2*(-6)/(-66) - (-2108)/22. What is the highest common divisor of b and 128?
32
Suppose 0 = -3*l + 3*w - 39, 3*l + 4*w = 3*w - 35. Let b be 96/9*(-45)/l. Let y be (-6)/(-9)*15/2. What is the highest common factor of y and b?
5
Suppose w - 9 = -2*f + f, 3*w - 22 = -2*f. Suppose -m + 2*m + 11 = 4*g, -19 = -f*g + 3*m. What is the greatest common factor of g and 2?
2
Suppose -5*k = 4*l - 16, -2*k + 7 = -k - 3*l. Suppose -4*g + 64 = -2*g + k*h, -4*g = 2*h - 104. Calculate the greatest common factor of 24 and g.
24
Suppose 5481 = 31*b - 1587. Calculate the highest common divisor of 19 and b.
19
Let v = 45 + -62. Let f = v - -28. What is the highest common factor of 121 and f?
11
Suppose 16*t + 100 = 2228. Calculate the highest common divisor of t and 95.
19
Let r(b) = -b**3 - 20*b**2 - 24*b - 59. Let z be r(-19). Calculate the greatest common factor of z and 90.
18
Let j(o) = o**2 - o + 3. Let n = 5 - 8. Let q be j(n). Calculate the greatest common divisor of 105 and q.
15
Let m(x) = 6*x**2 - 20*x + 48. Let s be m(18). What is the greatest common factor of s and 51?
51
Let g = 526 + -518. What is the highest common factor of g and 68?
4
Suppose -5*z - 130 = -4*g + 19, -4*g - 2*z = -114. What is the highest common divisor of 589 and g?
31
Let y = 51 - 43. Suppose 4*d + 16 = y*d. Calculate the greatest common divisor of d and 20.
4
Suppose -9*d = -3041 + 2726. What is the highest common factor of d and 2065?
35
Let g(d) be the second derivative of -d**3/3 - d**2/2 + 3*d. Let m be g(-5). Let r be 12/m*11*3. What is the greatest common factor of 11 and r?
11
Let q = -617 - -619. What is the greatest common factor of q and 20?
2
Let k(u) = -100*u - 672. Let z be k(-20). Calculate the highest common factor of 16 and z.
16
Suppose -5*s + 3222 = s. What is the greatest common factor of 3 and s?
3
Let r be 6/3 + (-24)/(-8). Let m be (-1556)/(-28) - (-12)/(-21). Calculate the greatest common divisor of m and r.
5
Let u(y) = y**2 - 4*y + 2. Let w be u(5). Let s be 10*((-21)/2)/w. Let i = s + 50. What is the highest common divisor of i and 14?
7
Suppose -s - 4*q + 20 = -2, -3*s + 80 = -2*q. What is the greatest common divisor of s and 208?
26
Let k be 370/2*(0 + 1). Let y = k + -157. Calculate the highest common factor of y and 35.
7
Let f be (2 + 136)/(1 - -1). Let i(c) = 16*c**3 + 2*c**2 + 2*c + 1. Let n be i(-1). Let p = f - n. Calculate the highest common divisor of p and 56.
28
Suppose 4*z - 728 = -u, 71*z - 70*z = -5*u + 3545. What is the greatest common divisor of u and 36?
12
Let w be (13/3)/(11/495*15). What is the greatest common divisor of w and 767?
13
Suppose -j + 2*b - 1 = 7, 5*j - 15 = -b. Suppose 26*w = -z + 31*w - 18, 4*z - 24 = -4*w. Calculate the greatest common factor of j and z.
2
Let x = 124 + -168. Suppose -5*a + 2*a + 186 = 0. Let f = a + x. What is the highest common divisor of 45 and f?
9
Let y = -26 + 42. Let s = y + -21. Let z be (-26 - s)*7/(-3). What is the greatest common divisor of 7 and z?
7
Let g(h) = -h**3 - 20*h**2 - 20*h - 24. Let x be g(-19). Let y(q) = -q + 6. Let b be y(x). Calculate the highest common factor of 88 and b.
11
Let n = -236 + 238. What is the highest common divisor of 178 and n?
2
Suppose 0 = 3*w - 5*q - 34, -15*w + 11*w + 3*q = -27. Suppose 5*b - 72 = -k, -3*b - k = -b - 27. Calculate the highest common factor of b and w.
3
Let s(y) = 1358*y - 1362*y + 22 - y**2 + 2*y**2. Let j be s(6). Let b = 37 - 20. Calculate the highest common divisor of j and b.
17
Suppose -4*z + 3*s = -0*z + 1508, 5*s + 780 = -2*z. Let y be z/(-30) + (-1)/(-3). Suppose a - y = 15. What is the highest common divisor of a and 28?
28
Suppose -m + 224 = -4*m - 5*w, 0 = m + 4*w + 63. Let l = m - -118. Calculate the highest common factor of l and 14.
7
Let p(l) = -l**3 + 7*l**2 + l + 2. Let y be p(7). Suppose 55*t - 18 = 52*t. What is the greatest common factor of t and y?
3
Suppose 0 = 3*h + h - 60. Let n(q) = -9*q + 0 - 8 + h*q. Let j be n(6). What is the greatest common divisor of j and 42?
14
Let u(p) = p**3 + 347*p**2 - 3*p + 2 - 347*p**2. Let l be u(3). Calculate the greatest common divisor of 4 and l.
4
Let a = -407 - -1543. What is the greatest common factor of a and 32?
16
Let b = 155 - 147. Let m(i) = i. Let c be m(2). What is the greatest common factor of c and b?
2
Let l be 128/224 - (0 - 101/7). Suppose -p = -3*p + 210. Calculate the highest common divisor of p and l.
15
Let r(h) = 2*h**2 + 5*h - 13. Let v be r(-7). What is the greatest common factor of v and 30?
10
Suppose 5*b - 16 = b. Let x = -14 + 17. Suppose x*c - 32 - 28 = 0. What is the highest common divisor of c and b?
4
Let l = 453 + -405. What is the greatest common factor of 64 and l?
16
Let w(a) = 31*a + 20. Let k be w(4). What is the greatest common factor of 360 and k?
72
Let s(p) = -49*p + 471. Let w be s(9). What is the highest common divisor of w and 25?
5
Let c(d) = -d**3 + d**2 + 4*d - 6. Let z(o) = -3*o**2 - o + 1. Let p be z(1). Let v be c(p). What is the greatest common factor of v and 24?
6
Let i(g) = 2*g**3 - 3*g**2 + g - 2. Let k be i(2). Suppose -38 = -k*w - q + 18, -4*w + 72 = 5*q. Calculate the greatest common divisor of 65 and w.
13
Suppose -16 = -j + 14. Calculate the highest common divisor of j and 270.
30
Suppose -7150 - 13850 = -42*n. Calculate the highest common factor of 300 and n.
100
Let g(o) = 15*o**2 + 2*o - 4. Let d be g(-4). Let f = 40 - 21. What is the greatest common divisor of d and f?
19
Let d be (493/136)/(-29) + 1033/8. Calculate the grea